9430395 composite?
True
Is 5534731 a composite number?
True
Is 65984959 composite?
False
Is 21309511 a prime number?
True
Is 566309 composite?
True
Is 987303167 prime?
True
Is 5289517 prime?
False
Is 7968215 composite?
True
Is 215975783 prime?
True
Is 12900931 prime?
True
Is 123075703 composite?
True
Is 2595682 a composite number?
True
Is 335081 a composite number?
False
Is 32581583 a prime number?
True
Is 15985979 prime?
True
Is 134812438 a prime number?
False
Is 22567921 composite?
False
Is 99012535 a composite number?
True
Is 181394677 prime?
False
Is 784435 a prime number?
False
Is 76313873 a composite number?
False
Is 754543 prime?
False
Is 3597665 a prime number?
False
Is 16509302 a prime number?
False
Is 2519801 prime?
True
Is 123105341 composite?
False
Is 10607981 a prime number?
False
Is 30216577 a prime number?
True
Is 310735153 prime?
True
Is 35812459 composite?
False
Is 1273141 a composite number?
True
Is 55169 a composite number?
True
Is 835816589 a prime number?
True
Is 457643 prime?
True
Is 137202641 prime?
True
Is 3387203 a prime number?
True
Is 6017849 a composite number?
False
Is 48977401 a composite number?
True
Is 204648781 prime?
True
Is 110941001 a prime number?
True
Is 2918443 composite?
True
Is 34412009 prime?
False
Is 2270053 prime?
False
Is 1163527 prime?
False
Is 66825089 a prime number?
False
Is 50614027 composite?
False
Is 61315069 prime?
True
Is 5924327 a prime number?
True
Is 153841 a composite number?
False
Is 63734983 a prime number?
False
Is 283555 prime?
False
Is 5499671 a composite number?
False
Is 488069 a prime number?
True
Is 3011581 prime?
True
Is 943067627 composite?
False
Is 9142585 a composite number?
True
Is 13446998 a prime number?
False
Is 85807 composite?
True
Is 19086577 prime?
True
Is 49471039 a composite number?
True
Is 99641137 composite?
False
Is 25696519 composite?
False
Is 180758301 a composite number?
True
Is 4587211 prime?
True
Is 4434251 prime?
True
Is 72525499 composite?
False
Is 911821663 composite?
False
Is 91378253 a composite number?
True
Is 1613377 a prime number?
False
Is 118494049 prime?
False
Is 6617645 a composite number?
True
Is 3795431 composite?
True
Is 48217811 prime?
False
Is 352813 prime?
True
Is 38637771 a composite number?
True
Is 18848787 a prime number?
False
Is 118337851 composite?
False
Is 15642163 a prime number?
True
Is 280656157 prime?
False
Is 10637659 a prime number?
True
Is 2390699 a composite number?
False
Is 588187 a composite number?
True
Is 248108803 a prime number?
True
Is 22217087 a composite number?
False
Is 5786839 prime?
True
Is 107986189 composite?
True
Is 198553 a composite number?
False
Is 140368513 composite?
False
Is 47123261 prime?
True
Is 374389 a prime number?
True
Is 3546013 a composite number?
True
Is 11522249 composite?
False
Is 30537737 a composite number?
False
Is 121129163 a composite number?
False
Is 7200457 a composite number?
True
Is 110129 a composite number?
False
Is 4811713 prime?
True
Is 341828143 prime?
True
Is 23993911 a composite number?
False
Is 266520767 prime?
True
Is 13646195 a composite number?
True
Is 62647565 composite?
True
Is 108141895 prime?
False
Is 239829445 prime?
False
Is 326357 a prime number?
False
Is 39092821 a prime number?
True
Is 1260817 composite?
True
Is 805967 composite?
False
Is 2327189 prime?
False
Is 5875901 composite?
False
Is 79307401 a prime number?
True
Is 7274957 prime?
True
Is 894239 a prime number?
True
Is 1610417 prime?
True
Is 335477 prime?
True
Is 1931047 prime?
False
Is 2627837 a prime number?
True
Is 194340187 composite?
True
Is 33029455 a prime number?
False
Is 115539919 a composite number?
True
Is 30036023 a prime number?
True
Is 59836505 a composite number?
True
Is 1982399 a composite number?
True
Is 11357323 a prime number?
False
Is 145937 a composite number?
True
Is 883409 prime?
True
Is 2872013 a prime number?
False
Is 16845439 a prime number?
False
Is 19107167 composite?
True
Is 832253 composite?
False
Is 41288222 a prime number?
False
Is 111607277 prime?
False
Is 330131123 a composite number?
True
Is 136757 composite?
True
Is 254450471 a composite number?
True
Is 121663847 a composite number?
False
Is 98488349 a composite number?
True
Is 6860123 a prime number?
False
Is 118702886 a composite number?
True
Is 2936023 a composite number?
False
Is 149551981 a composite number?
True
Is 100657351 a prime number?
True
Is 56119 a composite number?
True
Is 192199 a composite number?
True
Is 1869029 composite?
False
Is 41456122 composite?
True
Is 3031571 a prime number?
True
Is 19956373 a prime number?
True
Is 21512663 composite?
True
Is 58111357 a composite number?
False
Is 2198827 composite?
False
Is 36919733 composite?
True
Is 5148541 composite?
False
Is 1203311 prime?
False
Is 15498677 prime?
True
Is 47035613 composite?
True
Is 1915399 a composite number?
False
Is 531731 a composite number?
False
Is 37795817 composite?
True
Is 13496809 composite?
True
Is 6640631 a composite number?
False
Is 40694699 prime?
True
Is 407757827 a prime number?
True
Is 170914643 prime?
False
Is 48100205 composite?
True
Is 9426929 a prime number?
True
Is 395937517 a composite number?
False
Is 103642369 prime?
False
Is 1699349 prime?
True
Is 1039879 prime?
False
Is 7068997 prime?
False
Is 17935679 a composite number?
False
Is 415411 prime?
False
Is 269810269 prime?
False
Is 141368187 prime?
False
Is 34851 composite?
True
Is 53227579 composite?
False
Is 618158 a prime number?
False
Is 13107103 a prime number?
False
Is 2575423 a prime number?
False
Is 978323 a prime number?
True
Is 697481 prime?
True
Is 2530581 composite?
True
Is 217808411 a prime number?
False
Is 150270331 prime?
False
Is 828979 prime?
False
Is 9195241 a prime number?
False
Is 1742047 a prime number?
False
Is 7672631 a composite number?
False
Is 8494814 a composite number?
True
Is 11796559 a composite number?
False
Is 111737351 a prime number?
False
Is 61110871 prime?
False
Is 1553869 a prime number?
True
Is 23130497 prime?
False
Is 13216919 a prime number?
True
Is 18685279 a prime number?
True
Is 1646081 a composite number?
True
Is 99715193 a prime number?
False
Is 2726201 a prime number?
True
Is 4743689 composite?
True
Is 529861 a composite number?
True
Is 71112007 prime?
True
Is 17331071 prime?
False
Is 27522259 composite?
False
Is 1790149 a prime number?
True
Is 302261383 a composite number?
False
Is 6974837 a composite number?
False
Is 47042979 prime?
False
Is 309099487 composite?
True
Is 37138889 composite?
False
Is 65357089 a prime number?
False
Is 7609129 composite?
True
Is 20574733 composite?
False
Is 3524071 a prime number?
True
Is 19853581 composite?
True
Is 28809497 a prime number?
False
Is 965608283 a composite number?
False
Is 17426177 composite?
True
Is 18343387 prime?
True
Is 3960599 a composite number?
False
Is 1863923 prime?
True
Is 1115189 a prime number?
True
Is 173570797 composite?
False
Is 22246457 composite?
False
Is 9812867 prime?
True
Is 591499 prime?
True
Is 282539 composite?
True
Is 1057993 a composite number?
False
Is 23007637 composite?
False
Is 109680799 composite?
True
Is 239391289 a composite number?
False
Is 4064377 prime?
False
Is 13553281 composite?
True
Is 475561 composite?
True
Is 39500369 prime?
True
Is 39648073 a prime number?
False
Is 6416563 prime?
False
Is 460289 composite?
False
Is 24387549 prime?
False
Is 25454245 prime?
False
Is 3319333 a composite number?
False
Is 3585507 a composite number?
True
Is 4774235 prime?
False
Is 28939369 a prime number?
True
Is 5574449 a prime number?
False
Is 3173329 a composite number?
False
Is 9813179 prime?
True
Is 1550747 a composite number?
True
Is 14903351 a composite number?
False
Is 8387255 composite?
True
Is 1040527 a composite number?
True
Is 73215433 a composite number?
True
Is 3282551 a composite number?
False
Is 3470291 prime?
False
Is 26602837 prime?
False
Is 18779077 a prime number?
True
Is 16815341 a composite number?
False
Is 918461 composite?
True
Is 9647683 a prime number?
True
Is 188103 composite?
True
Is 70922 composite?
True
Is 39809143 composite?
True
Is 14702585 a prime number?
False
Is 476831 a prime number?
True
Is 27665315 a composite number?
True
Is 252476873 prime?
False
Is 12266327 a composite number?
False
Is 2643167 a composite number?
